{"id":44,"date":"2019-12-29T01:45:36","date_gmt":"2019-12-28T23:45:36","guid":{"rendered":"http:\/\/testi.koiratuotteet.fi\/?page_id=44"},"modified":"2025-07-25T13:29:17","modified_gmt":"2025-07-25T10:29:17","slug":"rhyn-metsastysseurat","status":"publish","type":"page","link":"https:\/\/www.alavus-toysarhy.fi\/?page_id=44","title":{"rendered":"Rhy:n mets\u00e4stysseurat"},"content":{"rendered":"<p><a title=\"http:\/\/www.alavudenmetsastysseura.fi\/\" href=\"http:\/\/www.alavudenmetsastysseura.fi\/\" target=\"_blank\" rel=\"noopener noreferrer\">Alavuden mets\u00e4stysseura ry<\/a><br \/>\nPj. Mikko Vehni\u00e4, Lapinkyl\u00e4ntie 54, 63300 Alavus, 040-0016086<br \/>\nEmail: mikko.vehnia@gmail.com<br \/>\nSiht. Mauri Rapo, Luomantie 11 , 63300 Alavus, 0400-568835\u00a0 \u00a0 \u00a0 \u00a0 \u00a0 \u00a0 \u00a0 \u00a0 \u00a0 \u00a0 \u00a0 \u00a0 \u00a0 \u00a0 \u00a0 \u00a0 \u00a0 \u00a0 \u00a0 \u00a0 \u00a0 \u00a0 \u00a0 \u00a0 \u00a0 \u00a0 \u00a0 \u00a0 \u00a0 \u00a0 \u00a0 Email: mauri.rapo@pp.inet.fi<\/p>\n<p>K\u00e4tk\u00e4njoen mets\u00e4stysseura ry<br \/>\nPj. Teuvo Viitasaari, K\u00e4tk\u00e4njoentie 156, 63430 K\u00e4tk\u00e4njoki, 044-0383935\u00a0 Email:teuvo.viitasaari@outliook.com\u00a0 \u00a0 \u00a0 \u00a0 \u00a0 \u00a0 \u00a0 \u00a0 \u00a0 \u00a0 \u00a0 \u00a0 \u00a0 \u00a0 \u00a0 \u00a0 \u00a0 \u00a0 \u00a0 \u00a0 \u00a0 \u00a0 \u00a0 \u00a0 \u00a0 \u00a0 \u00a0 \u00a0 \u00a0 \u00a0 \u00a0 \u00a0 \u00a0 \u00a0 \u00a0 \u00a0 \u00a0 \u00a0 \u00a0 \u00a0 \u00a0 \u00a0 \u00a0 \u00a0 \u00a0 \u00a0 \u00a0 \u00a0 \u00a0 \u00a0 \u00a0 \u00a0 \u00a0 \u00a0 \u00a0 \u00a0 Siht. Joni Onnela Pultrantie 5, 60120 Sein\u00e4joki\u00a0 \u00a0 \u00a0 \u00a0 \u00a0 \u00a0 \u00a0 \u00a0 \u00a0 \u00a0 \u00a0 \u00a0 \u00a0 \u00a0 \u00a0 \u00a0 \u00a0 \u00a0 \u00a0 \u00a0 \u00a0 \u00a0 \u00a0 \u00a0 \u00a0 \u00a0 \u00a0 \u00a0 \u00a0 \u00a0 \u00a0 \u00a0 \u00a0 \u00a0 \u00a0 \u00a0 \u00a0 \u00a0 \u00a0 \u00a0 \u00a0 \u00a0 \u00a0 \u00a0 \u00a0Email:\u00a0 joni.onnela@gmail.com<\/p>\n<p><a title=\"http:\/\/www.lansipuolenmetsastysseura.com\/\" href=\"http:\/\/www.lansipuolenmetsastysseura.com\/\" target=\"_blank\" rel=\"noopener noreferrer\">L\u00e4nsipuolen mets\u00e4stysseura ry<\/a><br \/>\nPj. Jari Kivist\u00f6 0400-865884<br \/>\nSiht. Janne Koivum\u00e4ki, Mets\u00e4kuja 1, 63300 Alavus, 050-4103180<\/p>\n<p>Niemi-Hukkalan mets\u00e4stysseura ry<br \/>\nPj.\u00a0Hannu Ala-Hukkala Kiikunpolku 32, 60420 Sein\u00e4joki, 040-7155146<br \/>\nSiht. Arto Niemi-Hukkala, 040-5845708<\/p>\n<p><a title=\"http:\/\/niinimaanmetsastysseura.omasivu.fi\/\" href=\"http:\/\/niinimaanmetsastysseura.omasivu.fi\/\" target=\"_blank\" rel=\"noopener noreferrer\">Niinimaan mets\u00e4stysseura ry<\/a><br \/>\nPj. Erkki Peltonen, 041-4422117<br \/>\nSiht.Anders Haapaniemi , 045-1174041<\/p>\n<p>Oura-Lintulan mets\u00e4stysseura ry<br \/>\nPj. Timo Vet\u00e4m\u00e4j\u00e4rvi, J\u00e4rvensivuntie 225, 63400 Alavus as, 0400-767366<br \/>\nSiht. Markus Pyntt\u00e4ri, Sillintie 584, 63400 Alavus as, 0400-917286<\/p>\n<p><a title=\"http:\/\/www.pollarinmetsastysseura.fi\" href=\"http:\/\/www.pollarinmetsastysseura.fi\" target=\"_blank\" rel=\"noopener noreferrer\">Pollarin mets\u00e4stysseura ry<\/a><br \/>\nPj. Pertti Palom\u00e4ki,\u00a0 040-8657936, Email: palomaki1@hotmail.com<br \/>\nSiht. Karoliina Koitela, 040-4131395, Email: karoliina.koitela@hotmail.com<\/p>\n<p><a title=\"http:\/\/rantatoysa.fi\/\" href=\"http:\/\/rantatoysa.fi\/\" target=\"_blank\" rel=\"noopener noreferrer\">Rantat\u00f6ys\u00e4n mets\u00e4stysseura ry<\/a><br \/>\nPj. Jorma Saari, It\u00e4rannantie 329 As 1, 63410 Rantat\u00f6ys\u00e4, 040-5184175\u00a0 \u00a0 \u00a0 \u00a0 \u00a0 \u00a0 \u00a0 \u00a0 \u00a0 \u00a0 \u00a0 \u00a0 \u00a0 \u00a0 \u00a0 \u00a0 \u00a0 \u00a0 \u00a0 \u00a0 \u00a0 \u00a0 \u00a0 \u00a0 Email: saari.jorma@gmail.com<br \/>\nSiht. Markku Pienim\u00e4ki, Karhuvuorentie 30, 60510 Hyllykallio 044-3312227\u00a0 \u00a0 \u00a0 \u00a0 \u00a0 \u00a0 \u00a0 \u00a0 \u00a0 \u00a0 \u00a0 \u00a0 \u00a0 \u00a0 \u00a0 \u00a0 \u00a0 \u00a0 \u00a0 \u00a0 \u00a0 \u00a0 Email: markku.pienimaki@netikka.fi<\/p>\n<p>Sein\u00e4j\u00e4rven er\u00e4<br \/>\nPj. Antti Kujala, 0400-166492<br \/>\nSiht. Veli Kujala, Savikonkyd\u00f6ntie 89, 63300 Alavus, 0400-515406<\/p>\n<p><a title=\"http:\/\/www.sulkavankylanmetsastysseura.com\/\" href=\"http:\/\/www.sulkavankylanmetsastysseura.com\/\" target=\"_blank\" rel=\"noopener noreferrer\">Sulkavankyl\u00e4n mets\u00e4stysseura ry<\/a><br \/>\nPj. Kari Asunmaa, Alavudentie 929, 63230 Lentil\u00e4, 0400-725911. Email.kari.asunmaa@gmail.com.<br \/>\nSiht. Ville Neste, Valkamankuja 3, 63410 Rantat\u00f6ys\u00e4, 040-5486910<\/p>\n<p>Syd\u00e4nmaan mets\u00e4stysseura ry<br \/>\nPj.Tero Kurhela , 040-7605691<br \/>\nSiht.Mikko Pihlajam\u00e4ki , 040-4119179<\/p>\n<p>Tohnin mets\u00e4stysseura ry<br \/>\nPj.Jussi Haakana Lehtim\u00e4entie 402, 63600 T\u00f6ys\u00e4 , 040-7506009.\u00a0 \u00a0 \u00a0 \u00a0 \u00a0 \u00a0 \u00a0 \u00a0 \u00a0 Email.jhaakana@gmail.com<br \/>\nSiht.Pirjo Jaatinen 045-3549095.<\/p>\n<p><a title=\"http:\/\/www.toysanmetsastysseura.net\/\" href=\"http:\/\/www.toysanmetsastysseura.net\/\" target=\"_blank\" rel=\"noopener noreferrer\">T\u00f6ys\u00e4n mets\u00e4stysseura ry<\/a><br \/>\nPj. Marko Hautala, Kuninkaankatu 5 C 58, 33210 Tampere, 0405464676\u00a0 Email.mhautala@gmail.com\u00a0 \u00a0 \u00a0 \u00a0 \u00a0 \u00a0 \u00a0 \u00a0 \u00a0 \u00a0 \u00a0 \u00a0 \u00a0 \u00a0 \u00a0 \u00a0 \u00a0 \u00a0 \u00a0 \u00a0 \u00a0 \u00a0 \u00a0 \u00a0 \u00a0 \u00a0 \u00a0 \u00a0 \u00a0 \u00a0 \u00a0 \u00a0 \u00a0 \u00a0 \u00a0 \u00a0 \u00a0 \u00a0 \u00a0 \u00a0 \u00a0 \u00a0 \u00a0 \u00a0 \u00a0 \u00a0 \u00a0 \u00a0 \u00a0 \u00a0 \u00a0 \u00a0 \u00a0 \u00a0 \u00a0 \u00a0 \u00a0 \u00a0 \u00a0 \u00a0 \u00a0 \u00a0 \u00a0 \u00a0 \u00a0 Siht. Sanna Kallioniemi, Louhentie 2 i, 63700 \u00c4ht\u00e4ri, 040-5946751<\/p>\n","protected":false},"excerpt":{"rendered":"<p>Alavuden mets\u00e4stysseura ry Pj. Mikko Vehni\u00e4, Lapinkyl\u00e4ntie 54, 63300 Alavus, 040-0016086 Email: mikko.vehnia@gmail.com Siht. Mauri Rapo, Luomantie 11 , 63300 Alavus, 0400-568835\u00a0 \u00a0 \u00a0 \u00a0 \u00a0 \u00a0 \u00a0 \u00a0 \u00a0 \u00a0 \u00a0 \u00a0 \u00a0 \u00a0 \u00a0 \u00a0 \u00a0 \u00a0 \u00a0 \u00a0 \u00a0 \u00a0 \u00a0 \u00a0 \u00a0 \u00a0 \u00a0 \u00a0 \u00a0 \u00a0 \u00a0 Email: mauri.rapo@pp.inet.fi K\u00e4tk\u00e4njoen &hellip; <a href=\"https:\/\/www.alavus-toysarhy.fi\/?page_id=44\" class=\"more-link\">Jatka lukemista <span class=\"screen-reader-text\">Rhy:n mets\u00e4stysseurat<\/span> <span class=\"meta-nav\">&rarr;<\/span><\/a><\/p>\n","protected":false},"author":2,"featured_media":0,"parent":0,"menu_order":0,"comment_status":"closed","ping_status":"closed","template":"","meta":{"ngg_post_thumbnail":0,"footnotes":""},"class_list":["post-44","page","type-page","status-publish","hentry"],"_links":{"self":[{"href":"https:\/\/www.alavus-toysarhy.fi\/index.php?rest_route=\/wp\/v2\/pages\/44","targetHints":{"allow":["GET"]}}],"collection":[{"href":"https:\/\/www.alavus-toysarhy.fi\/index.php?rest_route=\/wp\/v2\/pages"}],"about":[{"href":"https:\/\/www.alavus-toysarhy.fi\/index.php?rest_route=\/wp\/v2\/types\/page"}],"author":[{"embeddable":true,"href":"https:\/\/www.alavus-toysarhy.fi\/index.php?rest_route=\/wp\/v2\/users\/2"}],"replies":[{"embeddable":true,"href":"https:\/\/www.alavus-toysarhy.fi\/index.php?rest_route=%2Fwp%2Fv2%2Fcomments&post=44"}],"version-history":[{"count":26,"href":"https:\/\/www.alavus-toysarhy.fi\/index.php?rest_route=\/wp\/v2\/pages\/44\/revisions"}],"predecessor-version":[{"id":651,"href":"https:\/\/www.alavus-toysarhy.fi\/index.php?rest_route=\/wp\/v2\/pages\/44\/revisions\/651"}],"wp:attachment":[{"href":"https:\/\/www.alavus-toysarhy.fi\/index.php?rest_route=%2Fwp%2Fv2%2Fmedia&parent=44"}],"curies":[{"name":"wp","href":"https:\/\/api.w.org\/{rel}","templated":true}]}}